be v(-6). Let a = -19 - k. Let x = a - -55. What is the tens digit of x?
3
Suppose 0 = 5*k - 69 + 19. Suppose 86 + k = 6*n. What is the tens digit of n?
1
Suppose -5 = q - 3*a + a, -3*q - 2*a - 7 = 0. Let t be q*(1 - -4 - 4). What is the units digit of 2 + -5 + (-63)/t?
8
Suppose 0 = 5*v - 2*o + 55, -4*o - 4 = v + 29. Let x(m) = m**2 + 12*m - 11. What is the units digit of x(v)?
2
Let x(p) = 2*p**2 - 2*p - 65. Let z be x(0). Let r = z + 102. What is the tens digit of r?
3
Let v(r) = -r**3 - 22*r**2 - 22*r + 39. Let f be v(-21). Let s = 189 - f. What is the hundreds digit of s?
1
Let b(n) = 4 - 3*n**2 + 13*n**3 + 6*n**3 + 8*n**3 + n - 26*n**3. What is the tens digit of b(6)?
1
Let a(v) = v**3 + 9*v**2 + 9*v + 16. Let p be a(-8). Suppose -p*y = -12*y + 160. What is the tens digit of y?
4
Let a be 0/((-1)/((-3)/(-12))). Suppose 168 = 3*u - a*u. What is the units digit of u?
6
Let q(n) = 1774*n**2 - 9*n - 2. What is the hundreds digit of q(1)?
7
Suppose -3*f + 7 + 11 = 0. Suppose g - 30 = -f. Let i = -20 + g. What is the units digit of i?
4
Let a be 8/(-6)*(-396)/(-8). Let z be a/(-4) - 15/(-10). What is the tens digit of 6/(-6) - (0 - z)?
1
Let j(x) be the first derivative of x**4/4 + 2*x**3/3 - 2*x**2 - 3*x + 4. Let b be j(-3). Suppose b = -h + 19. What is the tens digit of h?
1
Suppose 5952 = 896*v - 893*v. What is the hundreds digit of v?
9
Suppose -m = -1, -v + 4*m = 2*m + 117. Let l = -70 - v. Suppose 3*h - 5*x - 35 = 0, -5*h + l = -0*h - 5*x. What is the units digit of h?
5
What is the units digit of (203/58)/(21/12) - -5030?
2
Suppose v - 1602 = 872. What is the units digit of v?
4
Suppose 168 = 12*l - 0*l. Suppose 2*t - 4*t + 4*b + l = 0, 9 = 5*t + 3*b. What is the units digit of t?
3
Let a(f) = 2 - 60*f - 1 - 4 + 5. What is the tens digit of a(-1)?
6
Suppose -4 = -2*g - 6. Let h(i) = -7*i - 1. Let a be h(g). Suppose 8*b = a + 34. What is the units digit of b?
5
Let p(o) = 4*o**2 - 4*o + 3. Let y = 13 + 0. Suppose y = 5*t + 3. What is the units digit of p(t)?
1
Suppose -x - 6 = 4*i - 0*i, -3*x = 6. What is the units digit of 69*i*18/(-27)?
6
Suppose 13*v + 59 = -58. What is the hundreds digit of 3/v*(-1122)/(-1 + 3)?
1
Suppose 0 = 4*r + 8, 4*r + 38 = 4*a - 210. Let q be a/72*(-6)/(-1). Suppose 81 = 5*t - 2*z - 109, -t + q*z + 61 = 0. What is the tens digit of t?
3
Suppose 380*g = 382*g - 834. What is the tens digit of g?
1
Let n(g) = 14*g**3 - g**2 + g. Let s be n(1). What is the units digit of 99/4 - s/(-56)?
5
Suppose 3*w - 594 = -4*k, w + 1 = 3. Suppose 3*o - 401 = 2*x, 0 = 2*o + 2*x - 421 + k. What is the hundreds digit of o?
1
Let v(z) = 1 + z**3 + 4 - 249*z**2 + 259*z**2 + 7*z. Let b = 0 - 4. What is the tens digit of v(b)?
7
Suppose -54 = -7*y + 5*y. Suppose -t + o + 20 = -0*t, -4*o = 0. Let z = y - t. What is the units digit of z?
7
Suppose -16*l = -28*l + 13704. What is the thousands digit of l?
1
Let h = 11 + -9. Let s(b) = -9 + 11*b - 2*b + b**2 + 5*b**h - 4*b**2. What is the tens digit of s(-7)?
2
Let z = -92 + 353. What is the tens digit of z?
6
Suppose -5*w = 2*y + 53, 0 = -4*w - 4*y - 12 - 40. Let o be (w + 10)*0/(-1). Suppose 3*d = -2*p + 31, 2*p + o*d - d - 11 = 0. What is the units digit of p?
8
Let p = 668 + -449. Suppose -811 + p = -8*c. What is the tens digit of c?
7
Suppose 4*u - 65 + 5 = 0. Let c be (-6)/u + 154/10. Suppose -c + 14 = -b. What is the units digit of b?
1
Let y(p) = -5*p**3 - 2*p - 2. Let s(k) = 9*k**3 + k**2 + 4*k + 3. Let n(j) = -3*s(j) - 5*y(j). What is the tens digit of n(-4)?
8
Let l be (-604)/(-2) - 2 - 0. Suppose 0 = 4*h + 16, 4*h + l = 4*q + 3*h. What is the tens digit of q?
7
Let u(l) = -l**2 - 3*l + 4. Let x be 2 + 5*(-5)/5. Let a be u(x). Suppose -j - 4 = 0, d + 34 = a*d + 2*j. What is the units digit of d?
4
What is the tens digit of 21/(-9)*(-351)/9?
9
Let x be -16*3/(-6) + -1*1. Let m be 1*4/(-2) + 2. Suppose -l + x + 9 = m. What is the units digit of l?
6
Suppose 0 = 5*q + 25*n - 27*n + 92, -32 = 2*q - 2*n. Suppose 2*g + 76 = -2*g. What is the units digit of (g - q)/((-2)/(-118))?
9
Let x = -614 - -1417. What is the tens digit of x?
0
Let n = -46 - -54. Suppose -v = 31 - 107. Suppose -n*r = -12*r + v. What is the units digit of r?
9
Let v(b) = b**2 - 7*b + 10. Let x be v(6). Let k(z) be the first derivative of z**3/3 - 2*z**2 + 2*z - 1. What is the units digit of k(x)?
2
Let m = -29 + 36. Let d = m - -9. What is the units digit of d?
6
Let s = -34 + 278. What is the tens digit of s?
4
Let l = -1 - -2. Let i be 75/(-60) - 77/(-4). What is the units digit of 1/(l/i*3)?
6
Let k(c) = 8*c**3 - 3*c**2 + 36*c - 137. What is the tens digit of k(4)?
7
Suppose 4*k - k - 30 = 0. Suppose k*a - 638 = -a. What is the tens digit of a?
5
Let d = -91 + 280. Let v = 300 - d. What is the tens digit of v?
1
Suppose 0 = 3*r - 3*z - 660, -7*z + 11*z - 446 = -2*r. What is the tens digit of r?
2
Suppose -3*z = 4*y + 1 - 20, z = -3*y + 13. Suppose 4*w - 4*m = -w + 8, 10 = -5*m. Let b = w + y. What is the units digit of b?
4
Let u = 3671 - 1657. What is the tens digit of u?
1
What is the hundreds digit of 18 - 69030/(-40) - 2/(-8)?
7
Suppose -j + 5 = -11. Suppose -v - 5 + 17 = 0. Suppose -4*g - 2*l + 8 + v = 0, 2*l = 5*g - j. What is the units digit of g?
4
Let j(g) = 20*g - 32. Let p(b) = 7*b - 11. Let x(n) = 5*j(n) - 14*p(n). Let q be x(7). Let h = q + 12. What is the tens digit of h?
2
Let p(z) = 76 - 6*z - 149 + 92. What is the tens digit of p(-10)?
7
Suppose 2332*o - 5226 = 2326*o. What is the tens digit of o?
7
Suppose -10*o = -21*o - 33. What is the tens digit of 0 + 68 + (-4 - o)?
6
Let i(w) = 4*w**3 + 2*w**2 - 6*w + 1. Let f be i(5). Suppose 3*p = -3*u + 115 + 188, p - f = -5*u. What is the tens digit of u?
0
Let w be 39*(-3 - 10/(-3)). Let r = w + -9. What is the units digit of (r/(-5))/((-1)/5)?
4
Suppose 0 = -5*p - 10, 2*q - p - 5054 = -2*q. What is the units digit of q?
3
Let f(g) = -g**2 + 7*g - 4. Let m be -1*((-4)/2 + -3). Let x be f(m). Let t = 19 + x. What is the units digit of t?
5
Let i be (-9 + 0)*(-8)/(-6). Let h be ((-2)/4)/((-2298)/288 - -8). Let q = i - h. What is the tens digit of q?
1
Let z = 64 - -159. What is the hundreds digit of z?
2
Let k = -899 + 1372. What is the hundreds digit of k?
4
Let r(v) = 10*v**2 + 11*v - 24. What is the hundreds digit of r(15)?
3
Let b(w) = -5*w + 107 - 116 + 2*w. What is the units digit of b(-8)?
5
Let m(g) = -3*g**3 - g**2 - g - 73. What is the tens digit of m(-8)?
0
Suppose -28 = -3*y + 8. Suppose 17*m = y*m - 40. What is the tens digit of 8/m - (2 + -25)?
2
Let s be ((-5)/(-10))/1 + (-270)/(-4). Let w = s - -144. What is the tens digit of w?
1
Suppose 3*n - 1428 = -n. Suppose -8*v + n = -v. What is the units digit of v?
1
Suppose 4657 = 16*c - 3903. What is the tens digit of c?
3
Let x be 0 - 9/((-36)/16). Suppose x*y - 88 = 136. What is the units digit of y?
6
Suppose 0*m + m = -14. Suppose 71 = 3*s + 2. Let x = s + m. What is the units digit of x?
9
Let i(v) = 3*v - 10. Let d(p) = 6*p**2. Let l be d(-1). Let c be i(l). What is the units digit of (-6 - -6) + c + 0?
8
Suppose -c + 4661 = 5*d - 2*c, -4*d + c + 3729 = 0. What is the tens digit of d?
3
Let u be 3/(-5) + 384/40. Let i(k) = k - 3. Let x be i(u). Let o(l) = l**2 - 2*l - 2. What is the units digit of o(x)?
2
Let b = 617 + 79. What is the hundreds digit of b?
6
Suppose -15*c + 2316 - 666 = 0. Suppose 0*r - 28 = -4*r. Suppose -r*m = -c - 135. What is the tens digit of m?
3
Let l be (-5)/(-15) + 11/3. Suppose 3*p + 11 = 2*y + 51, -l*p + 60 = -y. What is the tens digit of p?
1
Suppose -568*k = -569*k + 1062. What is the tens digit of k?
6
Let p = 11 + -8. Suppose m + p*m = 0. Suppose 0 = -m*c + c - 37. What is the tens digit of c?
3
Let z(m) = 4*m**2 + 8 - 12*m**2 - 5*m + 7*m**2. Let d be z(-5). Suppose d*x - 4*x - 150 = -2*i, 0 = 4*x + 4*i - 160. What is the units digit of x?
5
Suppose 102 = -3*u - 0*a - 3*a, -u + 5*a = 34. What is the units digit of (-1)/(4/u)*8?
8
Let t = 69 - 67. Let x = 0 - -34. Suppose -4*u + x = 2*l - 4, t*l + 18 = 3*u. What is the units digit of u?
8
Suppose 3*h - h = 0. Let l(j) = -2 + 3*j + h - 41*j. What is the units digit of l(-1)?
6
Suppose 3*x + 0*x = 3. Let p = 14 + x. What is the units digit of p?
5
Let a(h) = 2*h**3 - 2*h**2 + h + 15. Let i(t) = 3*t**3 - 3